5454 (base 6) to base 5.
110400
What is 110122001 (base 3) in base 8?
21770
Convert 20110 (base 3) to base 6.
450
What is -213010 (base 6) in base 15?
-52bc
Convert -47606 (base 8) to base 13.
-9360
What is -11100201 (base 3) in base 5?
-100203
Convert 9a (base 15) to base 8.
221
What is -45553 (base 6) in base 11?
-4959
What is 11010011110 (base 2) in base 4?
122132
78b8 (base 12) to base 10
13388
Convert 5e (base 15) to base 11.
81
What is -221221 (base 3) in base 4?
-22330
1735 (base 15) to base 10
5000
What is 53 (base 6) in base 10?
33
Convert 31003 (base 4) to base 13.
4c3
What is -200342 (base 6) in base 16?
-3d46
302202 (base 4) to base 14
1270
4720 (base 8) to base 9
3401
Convert -37a (base 11) to base 10.
-450
What is -10730 (base 9) in base 14?
-2871
Convert 8632 (base 16) to base 7.
202105
Convert 33031 (base 4) to base 10.
973
-4120 (base 5) to base 13
-322
What is -131 (base 11) in base 5?
-1110
Convert 49426 (base 11) to base 9.
117420
What is 3616 (base 8) in base 6?
12542
Convert -43c (base 16) to base 15.
-4c4
What is 6642 (base 8) in base 13?
1786
What is 184c (base 14) in base 16?
111c
-a44 (base 11) to base 16
-4ea
-100333 (base 4) to base 3
-1111021
Convert -2206 (base 10) to base 12.
-133a
Convert 65772 (base 8) to base 2.
110101111111010
Convert 142 (base 7) to base 4.
1033
What is 14008 (base 12) in base 2?
110110000001000
What is -894 (base 13) in base 12?
-a29
Convert -366 (base 15) to base 10.
-771
What is 1b3 (base 15) in base 8?
611
Convert -212 (base 15) to base 5.
-3332
What is -1346 (base 16) in base 14?
-1b26
What is -1443 (base 5) in base 15?
-118
What is -3231121 (base 4) in base 15?
-477d
3204 (base 16) to base 8
31004
1001 (base 2) to base 10
9
What is 111617 (base 8) in base 15?
b2d5
3112 (base 16) to base 3
122020021
30042 (base 9) to base 3
1000001102
Convert 210041 (base 5) to base 8.
15360
What is -32932 (base 11) in base 3?
-2102110000
What is 4223 (base 5) in base 14?
2c3
-2325 (base 14) to base 2
-1011111011101
Convert 3103212 (base 4) to base 12.
7a06
-2649 (base 10) to base 12
-1649
Convert 2b (base 16) to base 15.
2d
Convert 31e7 (base 16) to base 4.
3013213
Convert 204320 (base 6) to base 14.
6052
-1264 (base 13) to base 9
-3527
What is -102022 (base 3) in base 2?
-100110001
-2624 (base 7) to base 16
-3e6
What is 1641 (base 8) in base 2?
1110100001
4b86 (base 15) to base 8
37345
Convert 3e9 (base 16) to base 12.
6b5
-1110011110 (base 2) to base 5
-12201
-101211211 (base 3) to base 12
-46aa
Convert -47676 (base 9) to base 15.
-96bc
What is 24433 (base 5) in base 12?
10b8
1596 (base 12) to base 16
a02
-480 (base 10) to base 6
-2120
-20112 (base 7) to base 13
-229b
Convert -2483 (base 9) to base 14.
-969
Convert -1001 (base 3) to base 15.
-1d
Convert 1451 (base 14) to base 2.
111000001111
Convert -23812 (base 12) to base 8.
-135316
2211103 (base 4) to base 10
10579
Convert -13512 (base 8) to base 16.
-174a
de (base 15) to base 14
10d
-31306 (base 7) to base 10
-7699
-1001221 (base 3) to base 4
-30031
Convert 618 (base 10) to base 16.
26a
-f77a (base 16) to base 6
-1205150
-569 (base 11) to base 6
-3052
-301131 (base 4) to base 9
-4306
Convert 8c14 (base 16) to base 3.
1211012011
Convert -100000011110110 (base 2) to base 3.
-211210221
66b (base 15) to base 13
878
What is -1717 (base 12) in base 8?
-5303
What is -2131 (base 12) in base 9?
-4881
Convert -9cb (base 16) to base 5.
-40012
-780 (base 9) to base 5
-10024
-23230 (base 5) to base 2
-11010011010
305 (base 13) to base 9
628
1001000100110110 (base 2) to base 4
21010312
-16763 (base 9) to base 15
-3659
Convert -750 (base 8) to base 3.
-200002
What is 5442 (base 6) in base 11?
a37
What is -46e (base 15) in base 6?
-4352
Convert 7463 (base 9) to base 12.
3210
Convert -345303 (base 7) to base 2.
-1111000111000010
What is -16a4 (base 12) in base 4?
-222130
What is -25610 (base 12) in base 7?
-301440
What is -700 (base 8) in base 6?
-2024
What is 115323 (base 7) in base 3?
1001221000
-10b57 (base 12) to base 11
-15902
-11524 (base 9) to base 14
-2b53
104154 (base 6) to base 5
234320
What is 3204 (base 6) in base 8?
1324
-89c3 (base 16) to base 15
-a6b2
Convert -12100101 (base 3) to base 14.
-15c6
Convert -11b50 (base 12) to base 13.
-ac86
What is -264041 (base 7) in base 6?
-1020445
-122043 (base 6) to base 12
-6323
104113 (base 7) to base 15
560d
What is 2121212020 (base 3) in base 15?
1048c
What is -4622 (base 7) in base 11?
-129a
What is -44222 (base 6) in base 2?
-1011111110110
7839 (base 10) to base 13
3750
Convert 10001111001 (base 2) to base 4.
101321
-4c8 (base 13) to base 16
-348
What is 1064 (base 15) in base 10?
3469
What is 17a8b (base 12) in base 8?
103113
Convert 1345244 (base 6) to base 13.
2899c
Convert -147 (base 13) to base 6.
-1020
What is -1176 (base 8) in base 2?
-1001111110
10001000 (base 2) to base 6
344
1220102211 (base 3) to base 7
214216
What is 2a4 (base 13) in base 16?
1d8
248 (base 9) to base 5
1311
-3210 (base 5) to base 6
-1554
Convert -751 (base 9) to base 16.
-265
What is 101221202 (base 3) in base 6?
100545
What is 1000011011000 (base 2) in base 14?
1800
What is -2427 (base 16) in base 15?
-2b20
Convert -36605 (base 7) to base 8.
-22530
Convert -13a4 (base 15) to base 10.
-4204
23221 (base 5) to base 10
1686
What is -1552 (base 8) in base 6?
-4014
Convert -27e (base 15) to base 12.
-3b5
What is 36016 (base 8) in base 9?
23072
-47c6 (base 13) to base 9
-14808
747 (base 11) to base 12
62a
Convert 20200121 (base 3) to base 4.
1030030
Convert -106c (base 13) to base 11.
-179a
Convert 413 (base 5) to base 9.
130
Convert 3a37 (base 11) to base 3.
21012012
f3c (base 16) to base 13
1a10
Convert 1118 (base 10) to base 3.
1112102
Convert 128 (base 9) to base 16.
6b
-1533 (base 8) to base 4
-31123
What is -4512 (base 7) in base 16?
-65a
What is -93e (base 15) in base 4?
-200210
What is 20021211 (base 3) in base 15?
155a
What is -37327 (base 12) in base 11?
-511a0
What is 1905 (base 13) in base 7?
13566
Convert 1253 (base 10) to base 13.
755
Convert -b51 (base 12) to base 4.
-121231
12022 (base 3) to base 16
8f
-1400 (base 7) to base 9
-658
What is 10c3 (base 15) in base 4?
313212
What is -99 (base 12) in base 11?
-a7
Convert -20b (base 13) to base 5.
-2344
Convert 14754 (base 9) to base 2.
10011101101101
Convert -105206 (base 9) to base 4.
-33112032
906 (base 12) to base 11
a84
What is 72751 (base 8) in base 10?
30185
What is 241 (base 10) in base 16?
f1
What is 5157 (base 8) in base 6?
20211
What is 11211323 (base 4) in base 14?
84c3
Convert 5521 (base 8) to base 13.
141b
Convert 3a9 (base 11) to base 13.
2b1
What is -14767 (base 8) in base 13?
-3044
What is -802 (base 9) in base 10?
-650
What is -100030 (base 4) in base 7?
-3010
-991 (base 16) to base 6
-15201
What is -2000 (base 4) in base 15?
-88
-7446 (base 11) to base 4
-2121323
What is -13334 (base 5) in base 4?
-101012
-1a7 (base 11) to base 2
-11101110
Convert 331230 (base 4) to base 5.
111243
What is 110020 (base 4) in base 15?
5ad
What is 32324 (base 5) in base 8?
4246
1894 (base 16) to base 10
6292
-2143 (base 11) to base 2
-101100001110
What is -11101111110 (base 2) in base 5?
-30133
Convert 7838 (base 10) to base 5.
222323
What is 1612 (base 8) in base 13?
549
Convert 3200 (base 8) to base 13.
9b0
Convert 241 (base 16) to base 2.
1001000001
What is -211320 (base 5) in base 15?
-2175
11538 (base 9) to base 7
31352
What is 12065 (base 11) in base 8?
41736
Convert 52844 (base 9) to base 5.
2104301
Convert -1561 (base 7) to base 5.
-10011
Convert -700 (base 9) to base 6.
-2343
2010212 (base 3) to base 13
932
What is 2655 (base 10) in base 11?
1aa4
Convert 1550 (base 7) to base 16.
26f
What is 27863 (base 9) in base 12?
ab56
Convert -2371 (base 8) to base 7.
-3466
Convert -121 (base 12) to base 14.
-c1
Convert -1743 (base 11) to base 8.
-4261
12013 (base 4) to base 10
391
-538 (base 12) to base 4
-23330
33304 (base 5) to base 4
210121
12a (base 15) to base 11
221
Convert 3130 (base 7) to base 13.
667
-11212022 (base 3) to base 10
-3545
What is 3e (base 16) in base 8?
76
-2331232 (base 4) to base 2
-10111101101110
What is 1110100 (base 2) in base 16?
74
-112201122 (base 3) to base 10
-10736
-47044 (base 10) to base 16
-b7c4
Convert 1103 (base 5) to base 16.
99
Con